t is the greatest common divisor of 168 and 2?
2
What is the greatest common divisor of 513 and 304?
19
What is the greatest common factor of 53 and 53?
53
Calculate the greatest common factor of 451 and 369.
41
Calculate the highest common factor of 12 and 102.
6
Calculate the greatest common divisor of 57 and 19.
19
Calculate the highest common factor of 44128 and 56.
56
What is the highest common factor of 549 and 27?
9
Calculate the greatest common divisor of 120 and 330.
30
What is the greatest common factor of 119 and 12733?
119
Calculate the greatest common factor of 22 and 1067.
11
What is the greatest common divisor of 850 and 25?
25
Calculate the highest common factor of 119277 and 261.
261
What is the highest common divisor of 44 and 8?
4
Calculate the greatest common divisor of 2210 and 850.
170
Calculate the greatest common factor of 84 and 399.
21
What is the greatest common factor of 11208 and 18?
6
What is the highest common factor of 4512 and 47?
47
What is the greatest common factor of 70 and 21595?
35
What is the highest common factor of 663 and 195?
39
Calculate the highest common factor of 270 and 8865.
45
Calculate the greatest common divisor of 120 and 300.
60
What is the greatest common factor of 30667 and 364?
91
What is the highest common divisor of 5 and 755?
5
What is the greatest common divisor of 255 and 45?
15
Calculate the greatest common divisor of 135 and 513.
27
Calculate the highest common divisor of 4420 and 325.
65
What is the highest common divisor of 252 and 24?
12
Calculate the highest common divisor of 4548 and 192.
12
What is the highest common factor of 1037 and 68?
17
What is the highest common divisor of 69 and 8349?
69
What is the highest common factor of 32 and 768?
32
Calculate the highest common factor of 672 and 1728.
96
Calculate the greatest common factor of 16 and 8024.
8
What is the highest common factor of 638 and 22?
22
Calculate the highest common factor of 35 and 185.
5
Calculate the highest common factor of 1612 and 52.
52
What is the greatest common divisor of 2944 and 23?
23
Calculate the highest common divisor of 8759 and 19.
19
What is the highest common divisor of 350 and 14?
14
What is the highest common divisor of 100 and 1280?
20
What is the highest common divisor of 256 and 1504?
32
Calculate the greatest common factor of 126 and 28.
14
Calculate the greatest common factor of 15 and 105.
15
Calculate the greatest common divisor of 40 and 80.
40
Calculate the greatest common factor of 56 and 2660.
28
Calculate the greatest common divisor of 20140 and 38.
38
Calculate the greatest common factor of 1027 and 559.
13
What is the highest common divisor of 14982 and 44?
22
What is the greatest common factor of 3920 and 3185?
245
Calculate the highest common factor of 36 and 828.
36
Calculate the greatest common factor of 46 and 1403.
23
Calculate the greatest common factor of 96 and 432.
48
What is the highest common factor of 187 and 880?
11
What is the greatest common divisor of 50 and 10?
10
Calculate the greatest common divisor of 165 and 45.
15
What is the greatest common factor of 230 and 40?
10
What is the highest common divisor of 40 and 110?
10
What is the greatest common divisor of 5 and 29?
1
What is the highest common divisor of 546 and 195?
39
What is the highest common factor of 901 and 17?
17
Calculate the highest common divisor of 50 and 575.
25
Calculate the greatest common factor of 858 and 528.
66
What is the highest common divisor of 2651 and 66?
11
What is the greatest common divisor of 336 and 56?
56
What is the greatest common factor of 20460 and 30?
30
What is the highest common divisor of 1342 and 66?
22
What is the greatest common divisor of 4401 and 326?
163
Calculate the highest common factor of 459 and 867.
51
What is the greatest common factor of 418 and 176?
22
Calculate the highest common factor of 76 and 247.
19
Calculate the highest common factor of 4095 and 1729.
91
What is the greatest common factor of 98 and 245?
49
Calculate the highest common divisor of 5 and 25.
5
Calculate the highest common factor of 330 and 66.
66
Calculate the greatest common factor of 90 and 80.
10
What is the greatest common factor of 1739 and 37?
37
What is the highest common divisor of 600 and 144?
24
Calculate the highest common divisor of 440 and 1100.
220
Calculate the greatest common divisor of 11 and 319.
11
What is the highest common divisor of 12 and 624?
12
What is the greatest common factor of 52 and 20?
4
What is the greatest common divisor of 3013 and 23?
23
What is the greatest common factor of 72 and 448?
8
Calculate the greatest common factor of 5 and 2.
1
Calculate the greatest common factor of 2077 and 124.
31
What is the greatest common factor of 48 and 240?
48
Calculate the greatest common divisor of 165 and 99.
33
Calculate the highest common divisor of 42 and 280.
14
Calculate the highest common factor of 6205 and 85.
85
What is the greatest common factor of 136 and 612?
68
Calculate the greatest common divisor of 27657 and 21.
21
Calculate the greatest common factor of 10 and 6310.
10
What is the greatest common divisor of 29052 and 216?
108
Calculate the highest common factor of 14325 and 150.
75
Calculate the greatest common divisor of 1442 and 42.
14
What is the greatest common divisor of 1840 and 40?
40
Calculate the highest common divisor of 240 and 2540.
20
Calculate the greatest common factor of 11 and 11.
11
What is the highest common factor of 72 and 45960?
24
Calculate the highest common factor of 212 and 28.
4
What is the greatest common divisor of 16 and 9?
1
Calculate the greatest common divisor of 600 and 16.
8
What is the highest common divisor of 126 and 2772?
126
What is the highest common divisor of 517 and 77?
11
What is the highest common divisor of 25 and 925?
25
What is the greatest common factor of 441 and 49?
49
Calculate the greatest common factor of 611 and 188.
47
Calculate the greatest common divisor of 140 and 80.
20
What is the greatest common divisor of 360 and 990?
90
Calculate the greatest common factor of 1205 and 24823.
241
What is the greatest common factor of 60 and 108?
12
Calculate the greatest common divisor of 115 and 90.
5
Calculate the greatest common factor of 729 and 27.
27
Calculate the greatest common divisor of 882 and 14.
14
Calculate the greatest common divisor of 954 and 636.
318
What is the highest common divisor of 8 and 1096?
8
What is the highest common factor of 5040 and 63?
63
Calculate the greatest common factor of 1490 and 750.
10
What is the greatest common factor of 165 and 2937?
33
What is the greatest common factor of 16195 and 41?
41
Calculate the highest common divisor of 13 and 221.
13
What is the highest common factor of 7 and 7273?
7
Calculate the greatest common divisor of 24 and 33.
3
Calculate the greatest common factor of 286 and 88.
22
Calculate the highest common factor of 69 and 1242.
69
Calculate the highest common divisor of 90 and 315.
45
Calculate the highest common divisor of 667 and 23.
23
Calculate the greatest common divisor of 75 and 170.
5
Calculate the highest common factor of 330 and 750.
30
Calculate the highest common factor of 504 and 9.
9
What is the highest common divisor of 1672 and 792?
88
Calculate the highest common divisor of 1596 and 84.
84
Calculate the greatest common factor of 448 and 6552.
56
What is the highest common factor of 39559 and 442?
221
What is the highest common divisor of 143 and 88?
11
What is the greatest common divisor of 704 and 128?
64
Calculate the greatest common divisor of 300 and 1320.
60
What is the greatest common divisor of 43 and 344?
43
What is the highest common divisor of 105 and 17150?
35
Calculate the greatest common divisor of 85 and 595.
85
Calculate the greatest common factor of 10416 and 84.
84
Calculate the greatest common divisor of 93 and 713.
31
Calculate the greatest common factor of 2160 and 32.
16
What is the greatest common factor of 42 and 150?
6
Calculate the greatest common divisor of 143 and 637.
13
Calculate the highest common factor of 30 and 18660.
30
Calculate the greatest common divisor of 437 and 115.
23
Calculate the greatest common divisor of 73 and 365.
73
What is the highest common facto